{"id":2471,"date":"2026-08-07T12:26:08","date_gmt":"2026-08-07T10:26:08","guid":{"rendered":"https:\/\/zenartec.com\/?post_type=product&#038;p=2471"},"modified":"2026-08-19T18:22:52","modified_gmt":"2026-08-19T16:22:52","slug":"tableau-porte-imperiale","status":"publish","type":"product","link":"https:\/\/zenartec.com\/ar\/product\/tableau-porte-imperiale\/","title":{"rendered":"Porte Imp\u00e9riale \u2014 Tableau photoluminescent"},"content":{"rendered":"<p>Une architecture qui impose le respect<\/p>\n<p>Les portes monumentales marquent les entr\u00e9es, structurent les perspectives et racontent une partie de l\u2019histoire des villes imp\u00e9riales.<\/p>\n<p>Porte Imp\u00e9riale r\u00e9interpr\u00e8te cette force architecturale dans une \u0153uvre contemporaine con\u00e7ue pour devenir un point central de la d\u00e9coration.<\/p>\n<p>Sa composition verticale convient particuli\u00e8rement aux murs \u00e9troits, aux entr\u00e9es, aux couloirs, aux salons et aux espaces professionnels.<\/p>\n<p>Le jour, l\u2019\u0153uvre r\u00e9v\u00e8le ses d\u00e9tails et ses contrastes. Dans l\u2019obscurit\u00e9, apr\u00e8s exposition \u00e0 la lumi\u00e8re, les zones photoluminescentes soulignent progressivement certaines lignes de la composition.<\/p>\n<p>Un tableau destin\u00e9 aux int\u00e9rieurs qui recherchent caract\u00e8re, profondeur et \u00e9l\u00e9gance.<\/p>","protected":false},"excerpt":{"rendered":"<p>Porte Imp\u00e9riale est un tableau Zenartec inspir\u00e9 par la puissance visuelle des grandes portes marocaines.<\/p>\n<p>Son architecture verticale, son cadre noir et sa finition sous vitre cr\u00e9ent une pr\u00e9sence forte et \u00e9l\u00e9gante. Apr\u00e8s exposition \u00e0 la lumi\u00e8re, certaines lignes de l\u2019\u0153uvre r\u00e9v\u00e8lent progressivement une lueur photoluminescente naturelle.<\/p>","protected":false},"featured_media":2265,"comment_status":"open","ping_status":"closed","template":"","meta":{"_acf_changed":false},"product_brand":[53],"product_cat":[109,87,97],"product_tag":[],"class_list":{"0":"post-2471","1":"product","2":"type-product","3":"status-publish","4":"has-post-thumbnail","6":"product_brand-zenartec","7":"product_cat-tableaux-photoluminescents-best-sellers","8":"product_cat-boutique","9":"product_cat-maroc-imperial","11":"first","12":"instock","13":"shipping-taxable","14":"purchasable","15":"product-type-variable","16":"has-default-attributes"},"acf":[],"_links":{"self":[{"href":"https:\/\/zenartec.com\/ar\/wp-json\/wp\/v2\/product\/2471","targetHints":{"allow":["GET"]}}],"collection":[{"href":"https:\/\/zenartec.com\/ar\/wp-json\/wp\/v2\/product"}],"about":[{"href":"https:\/\/zenartec.com\/ar\/wp-json\/wp\/v2\/types\/product"}],"replies":[{"embeddable":true,"href":"https:\/\/zenartec.com\/ar\/wp-json\/wp\/v2\/comments?post=2471"}],"wp:featuredmedia":[{"embeddable":true,"href":"https:\/\/zenartec.com\/ar\/wp-json\/wp\/v2\/media\/2265"}],"wp:attachment":[{"href":"https:\/\/zenartec.com\/ar\/wp-json\/wp\/v2\/media?parent=2471"}],"wp:term":[{"taxonomy":"product_brand","embeddable":true,"href":"https:\/\/zenartec.com\/ar\/wp-json\/wp\/v2\/product_brand?post=2471"},{"taxonomy":"product_cat","embeddable":true,"href":"https:\/\/zenartec.com\/ar\/wp-json\/wp\/v2\/product_cat?post=2471"},{"taxonomy":"product_tag","embeddable":true,"href":"https:\/\/zenartec.com\/ar\/wp-json\/wp\/v2\/product_tag?post=2471"}],"curies":[{"name":"wp","href":"https:\/\/api.w.org\/{rel}","templated":true}]}}

Porte Impériale — Tableau photoluminescent

<p>Une architecture qui impose le respect</p>
<p>Les portes monumentales marquent les entrées, structurent les perspectives et racontent une partie de l’histoire des villes impériales.</p>
<p>Porte Impériale réinterprète cette force architecturale dans une œuvre contemporaine conçue pour devenir un point central de la décoration.</p>
<p>Sa composition verticale convient particulièrement aux murs étroits, aux entrées, aux couloirs, aux salons et aux espaces professionnels.</p>
<p>Le jour, l’œuvre révèle ses détails et ses contrastes. Dans l’obscurité, après exposition à la lumière, les zones photoluminescentes soulignent progressivement certaines lignes de la composition.</p>
<p>Un tableau destiné aux intérieurs qui recherchent caractère, profondeur et élégance.</p>

<p>Porte Impériale est un tableau Zenartec inspiré par la puissance visuelle des grandes portes marocaines.</p>
<p>Son architecture verticale, son cadre noir et sa finition sous vitre créent une présence forte et élégante. Après exposition à la lumière, certaines lignes de l’œuvre révèlent progressivement une lueur photoluminescente naturelle.</p>
