{"id":3459,"date":"2026-08-18T22:09:45","date_gmt":"2026-08-18T20:09:45","guid":{"rendered":"http:\/\/zenartec.com\/produit\/porte-cles-coffee-mood\/"},"modified":"2026-08-18T23:31:58","modified_gmt":"2026-08-18T21:31:58","slug":"porte-cles-coffee-mood","status":"publish","type":"product","link":"https:\/\/zenartec.com\/ar\/product\/porte-cles-coffee-mood\/","title":{"rendered":"Coffee Mood \u2014 Porte-cl\u00e9s photoluminescent"},"content":{"rendered":"<p>Petit format, pr\u00e9sence imm\u00e9diate.<\/p>\n<p>Coffee Mood \u00e9voque les pauses caf\u00e9 et les petits plaisirs du quotidien. Le motif r\u00e9unit une tasse de caf\u00e9, un c\u0153ur et des d\u00e9tails graphiques dor\u00e9s sur un centre noir qui souligne les d\u00e9tails du dessin.<\/p>\n<p>Son format ovale d\u2019environ 6 \u00d7 4 cm est r\u00e9alis\u00e9 en polyur\u00e9thane transparent et brillant, avec une finition l\u00e9g\u00e8rement bomb\u00e9e. Compact, il s\u2019accroche aux cl\u00e9s comme \u00e0 un sac.<\/p>\n<p>Apr\u00e8s exposition \u00e0 la lumi\u00e8re, le porte-cl\u00e9s caf\u00e9 restitue progressivement un glow photoluminescent vert ou turquoise dans l\u2019obscurit\u00e9. Aucune pile n\u2019est n\u00e9cessaire et l\u2019intensit\u00e9 d\u00e9pend de la lumi\u00e8re re\u00e7ue.<\/p>\n<p>Un cadeau chaleureux pour les amateurs de caf\u00e9.<\/p>","protected":false},"excerpt":{"rendered":"<p>Coffee Mood associe une tasse de caf\u00e9, un c\u0153ur et des d\u00e9tails graphiques dor\u00e9s dans un porte-cl\u00e9s Zenartec compact de 6 \u00d7 4 cm. Son centre noir et sa finition l\u00e9g\u00e8rement bomb\u00e9e mettent le dessin en valeur sur des cl\u00e9s ou un sac.<\/p>\n<p>Le porte-cl\u00e9s caf\u00e9 absorbe la lumi\u00e8re puis restitue un glow photoluminescent naturel vert ou turquoise dans l\u2019obscurit\u00e9, sans pile.<\/p>","protected":false},"featured_media":3460,"comment_status":"open","ping_status":"closed","template":"","meta":{"_acf_changed":false},"product_brand":[],"product_cat":[92],"product_tag":[],"class_list":{"0":"post-3459","1":"product","2":"type-product","3":"status-publish","4":"has-post-thumbnail","6":"product_cat-lifestyle","8":"first","9":"instock","10":"shipping-taxable","11":"purchasable","12":"product-type-variable","13":"has-default-attributes"},"acf":[],"_links":{"self":[{"href":"https:\/\/zenartec.com\/ar\/wp-json\/wp\/v2\/product\/3459","targetHints":{"allow":["GET"]}}],"collection":[{"href":"https:\/\/zenartec.com\/ar\/wp-json\/wp\/v2\/product"}],"about":[{"href":"https:\/\/zenartec.com\/ar\/wp-json\/wp\/v2\/types\/product"}],"replies":[{"embeddable":true,"href":"https:\/\/zenartec.com\/ar\/wp-json\/wp\/v2\/comments?post=3459"}],"wp:featuredmedia":[{"embeddable":true,"href":"https:\/\/zenartec.com\/ar\/wp-json\/wp\/v2\/media\/3460"}],"wp:attachment":[{"href":"https:\/\/zenartec.com\/ar\/wp-json\/wp\/v2\/media?parent=3459"}],"wp:term":[{"taxonomy":"product_brand","embeddable":true,"href":"https:\/\/zenartec.com\/ar\/wp-json\/wp\/v2\/product_brand?post=3459"},{"taxonomy":"product_cat","embeddable":true,"href":"https:\/\/zenartec.com\/ar\/wp-json\/wp\/v2\/product_cat?post=3459"},{"taxonomy":"product_tag","embeddable":true,"href":"https:\/\/zenartec.com\/ar\/wp-json\/wp\/v2\/product_tag?post=3459"}],"curies":[{"name":"wp","href":"https:\/\/api.w.org\/{rel}","templated":true}]}}

Coffee Mood — Porte-clés photoluminescent

<p>Petit format, présence immédiate.</p>
<p>Coffee Mood évoque les pauses café et les petits plaisirs du quotidien. Le motif réunit une tasse de café, un cœur et des détails graphiques dorés sur un centre noir qui souligne les détails du dessin.</p>
<p>Son format ovale d’environ 6 × 4 cm est réalisé en polyuréthane transparent et brillant, avec une finition légèrement bombée. Compact, il s’accroche aux clés comme à un sac.</p>
<p>Après exposition à la lumière, le porte-clés café restitue progressivement un glow photoluminescent vert ou turquoise dans l’obscurité. Aucune pile n’est nécessaire et l’intensité dépend de la lumière reçue.</p>
<p>Un cadeau chaleureux pour les amateurs de café.</p>

<p>Coffee Mood associe une tasse de café, un cœur et des détails graphiques dorés dans un porte-clés Zenartec compact de 6 × 4 cm. Son centre noir et sa finition légèrement bombée mettent le dessin en valeur sur des clés ou un sac.</p>
<p>Le porte-clés café absorbe la lumière puis restitue un glow photoluminescent naturel vert ou turquoise dans l’obscurité, sans pile.</p>
